+ 15. Calculate the remainder when d(-11) is divided by 25.
20
Let a = 54 + -30. Calculate the remainder when 95 is divided by a.
23
Let h(o) = -17*o - 27. What is the remainder when 161 is divided by h(-4)?
38
Suppose 0 = -u + 2*u - 10. Let v = -17 + 35. What is the remainder when v is divided by u?
8
Suppose -3*t + 18 = l - 0*l, 3*l - 2*t + 1 = 0. Calculate the remainder when 11 is divided by (-4 + -1)/(l + -4).
1
Let c(z) = 16*z - 7. Let a(i) = -8*i + 4. Let w(s) = 5*a(s) + 3*c(s). Calculate the remainder when w(1) is divided by 3.
1
Let f be 6/2 - (-2 - -1). Suppose -f*z - 2 = -142. Let i = -21 + z. Calculate the remainder when 40 is divided by i.
12
Suppose -5*g - 12 - 8 = 0, -2*g - 6 = j. Suppose j*c + 2*l - 56 = -3*c, -9 = -3*l. What is the remainder when (2/(-4))/(2/(-116)) is divided by c?
9
What is the remainder when 34/85 + 546/10 is divided by 14?
13
Let i = 6 - -2. Let g = 13 - i. Suppose -20 = -g*m + 5*z, -m - 3*z = 1 - 9. Calculate the remainder when 14 is divided by m.
4
Let l(n) = 7*n**3 + 2*n**2 + n - 2. Let m be l(2). Suppose -m = 4*s - 2*p - 248, -5*s - p = -230. What is the remainder when s is divided by 12?
10
Let u(g) = -4 - 3 + 2 + 6*g. What is the remainder when u(2) is divided by 3?
1
Suppose 0 = n - z - 25, n - z = -n + 51. Calculate the remainder when 36 is divided by n.
10
Let a = -31 + 51. Suppose 42 = -3*p - 2*n, -n - 3*n = 12. Let v = p + a. What is the remainder when v is divided by 3?
2
Suppose -3*f = -5*g - 56, -2*f + 5*g + 34 = -0*f. Calculate the remainder when f is divided by 12.
10
Let g(z) = -z**2 + 11*z - 15. Calculate the remainder when 64 is divided by g(7).
12
Suppose 2*b - 70 = -3*b. Calculate the remainder when 52 is divided by b.
10
Suppose -t = -5*t + 40. Let f(b) be the second derivative of b**4/12 - 2*b**3/3 - 2*b**2 - b. What is the remainder when f(8) is divided by t?
8
Suppose -5*i + 7 = -58. Suppose -9 = -3*q - 21. Let r = 1 - q. What is the remainder when i is divided by r?
3
Let j = 7 + 13. Let n = -15 + 23. Calculate the remainder when j is divided by (-2)/(-8) - (-54)/n.
6
Suppose -5*p = 4 - 29. Suppose p*x = x + 80. Calculate the remainder when (x/6)/(2/6) is divided by 4.
2
Suppose 4*i + 110 = -k - 4*k, 4*i = 4*k - 92. Let f = i - -39. What is the remainder when 55 is divided by f?
13
Suppose 4*y = -3*o + 111, -6*y + 5*o = -5*y - 22. What is the remainder when y is divided by 11?
5
Let j(l) = -4*l**2 - 3*l**2 - l**3 - l**2 - 7 + 7*l. What is the remainder when j(-9) is divided by 4?
3
Let n(k) = 23*k**2 + 1. Calculate the remainder when 71 is divided by n(1).
23
Suppose 0 = -5*t + 3*t + 6. What is the remainder when 4 is divided by t?
1
Let n be (-4 + 1)/(6/(-4)). Suppose 2*i - 20 = -n*i. Suppose 0 = -3*a + 6*a - 24. What is the remainder when a is divided by i?
3
Suppose -3*l = 2*s - 49, l - 65 = -4*s + 6*l. What is the remainder when 77 is divided by s?
17
Suppose 2*c = -3*c - n + 443, -c + 2*n = -82. Calculate the remainder when c is divided by 13.
10
Suppose 4*l - 26 = 2*q, -l + 0*l + 8 = -q. Suppose 0*c + 125 = l*c. What is the remainder when c is divided by 14?
11
Suppose 4*b - 24 = -8. Calculate the remainder when 33 is divided by b.
1
Suppose -3*l - 124 = -7*l. Let s(g) = -g**2 + 9*g - 1. Let p = 15 + -9. What is the remainder when l is divided by s(p)?
14
Suppose 0 = -5*r - 4*q - 3, -r = -0*r + 3*q + 5. Calculate the remainder when 19 is divided by r.
0
Suppose 0 = 5*g - 18 + 3. What is the remainder when g is divided by 3?
0
Let x be (-80)/(-30)*6/4. Suppose x*m - 76 = 4. What is the remainder when 78 is divided by m?
18
Suppose -9*g = -10*g + 5. Calculate the remainder when 8 is divided by g.
3
Let o(c) = -4*c - 8. Let p = -3 - 4. Calculate the remainder when 77 is divided by o(p).
17
Suppose 4*b + 3*r + 22 - 1 = 0, -2*b - 12 = 2*r. What is the remainder when 39 is divided by (b/(-15) + -3)*-5?
11
Let y(w) = -w**3 + w + 1. What is the remainder when 4 is divided by y(0)?
0
Let i(l) = -l**3 - 2*l**2 + l - 5. Suppose -2*o - 3 = -11. Suppose 6*p = 2*p + o*k + 12, 0 = -2*k + 10. What is the remainder when i(-4) is divided by p?
7
Let b = 174 + -67. Let w = 53 - b. Let o = -36 - w. Calculate the remainder when 52 is divided by o.
16
Let r = 0 - -8. Calculate the remainder when 30 is divided by r.
6
Let n(m) = 46*m. Let r(w) = -w**2 + 5*w + 7. Let a be r(6). What is the remainder when n(a) is divided by 16?
14
Let k(o) = 6 + 3*o**2 - 4 - 1. Let w be k(1). Suppose 16 = 4*b + w*h, -4*h - h + 2 = 2*b. What is the remainder when b is divided by 4?
2
Let j be 4/10 - 399/(-15). Let y = j - 11. Calculate the remainder when 30 is divided by y.
14
Let l be ((-12)/(-15))/((-1)/(-5)). Let r = 15 - 9. Let i = l + r. Calculate the remainder when 29 is divided by i.
9
Let i = -69 - -97. What is the remainder when 82 is divided by i?
26
Let m(o) = -o**3 + 6*o**2 + 7*o - 1. Let x be m(7). Let v(y) = -9*y. Calculate the remainder when 25 is divided by v(x).
7
Suppose 0 = -3*y - y + 268. What is the remainder when y is divided by 23?
21
Let d(q) = -q + 15. What is the remainder when 12 is divided by d(10)?
2
Let z = 7 - -1. Suppose 6*u = u + 155. Calculate the remainder when u is divided by z.
7
Let a be -3 + 0 + (68 - 5). Suppose 2*b = 4, -b + 0*b = 2*c - a. Calculate the remainder when c is divided by 8.
5
Let m(f) = 2*f**2 + 12*f + 11. Calculate the remainder when m(-8) is divided by 15.
13
Let i(n) = n + 2. Let k be i(-5). Calculate the remainder when 36 - (k - (-5 + 3)) is divided by 19.
18
Let n = 65 + -33. Calculate the remainder when n is divided by 7.
4
Suppose 0 = 4*p + k - 12, 3*p + 0*p + 2*k - 14 = 0. Suppose 0*v = -p*v - 2*s + 48, -2*s = -v + 18. Calculate the remainder when 42 is divided by v.
20
Let t(o) = 8*o + 2. Let p be 2 + -5 - (-1 + -4). Calculate the remainder when 53 is divided by t(p).
17
Let z = 26 - -18. Suppose 4*d - 3*d = 1. What is the remainder when z is divided by -1 + d/((-2)/(-32))?
14
Let r(c) = 29*c**2 - 3*c + 2. Let k be r(2). Suppose 5*v - k = v. Suppose -6*u - 5*q + 14 = -4*u, q + v = 4*u. Calculate the remainder when u is divided by 4.
3
Let h(t) = -14*t - 1 + 6*t + 4*t + 3*t. What is the remainder when 10 is divided by h(-5)?
2
Suppose -4*c + 2*n + 93 = c, n = -4*c + 64. Calculate the remainder when c is divided by 14.
3
Suppose -20 = 3*y + 2*y, 0 = -4*p - y + 80. What is the remainder when 41 is divided by p?
20
Suppose 24 = 4*p - 4. What is the remainder when (3 - p)/((-4)/22) is divided by 5?
2
Let k = -17 - -9. Let w(a) = a**2 + 7*a + 3. What is the remainder when -6*(44/(-6) + 2) is divided by w(k)?
10
Suppose -9 = -3*o + 3. Let s = -31 + 56. Let l = -18 + s. What is the remainder when l is divided by o?
3
Let v = 3 - -5. Let j = v - 5. Calculate the remainder when j is divided by 2.
1
Suppose 0 = 3*u - 34 - 62. What is the remainder when 59 is divided by u?
27
Suppose -88 = -2*c + 76. Calculate the remainder when c is divided by 23.
13
Let f be 740/12 - 1/(-3). Suppose 10 = -4*k + f. Let g = k + -8. What is the remainder when 13 is divided by g?
3
Suppose 5*r + 5*d = 45, 0 = 5*r - 0*d + 4*d - 48. Suppose -3*x = -2*x - 3. Suppose -x*s = -0*s - 15. Calculate the remainder when r is divided by s.
2
Suppose w + 16 - 2 = 0. Calculate the remainder when 4 is divided by (-32)/w + (-6)/21.
0
Let r = 38 - 25. Calculate the remainder when r is divided by 4.
1
Let r(k) = 24*k + 9. Let i be r(7). Suppose 4*p - 23 = i. Let o(m) = -4*m + 1. What is the remainder when p is divided by o(-4)?
16
Suppose -5*f - 36 = -7*f. Calculate the remainder when f is divided by 7.
4
Let s = -30 + 43. Let a = -17 + 55. What is the remainder when a is divided by s?
12
Let s be (1 - 1) + 7 + 51. Suppose 0 = 2*p + 2*p - 2*y - s, -5*y + 9 = p. What is the remainder when 41 is divided by p?
13
Suppose 0 = -5*v + 17 + 3. Suppose -2*l - 164 = -v*l. Suppose 0 = -5*s - 4*i + 249 - l, -3*s + 4*i + 81 = 0. Calculate the remainder when s is divided by 16.
15
Let a(y) = -7*y - y - 6*y - 2. Suppose 0 = -f + 6*f + 10. Calculate the remainder when a(f) is divided by 14.
12
Suppose -5*t = 5, 2*t + 40 = -3*q + 14. What is the remainder when (q - -4)/(1/(-8)) is divided by 11?
10
Let z(a) = 3*a**2 - 24*a + 2. Calculate the remainder when z(10) is divided by (32/(-2))/(-2 - -1).
14
Let l(j) = j**3